{"id":15,"date":"2021-05-05T07:04:41","date_gmt":"2021-05-05T07:04:41","guid":{"rendered":"https:\/\/mikakangasaho.fi\/?page_id=15"},"modified":"2022-12-16T09:18:48","modified_gmt":"2022-12-16T09:18:48","slug":"15-2","status":"publish","type":"page","link":"https:\/\/mikakangasaho.fi\/","title":{"rendered":"Ei otsikkoa"},"content":{"rendered":"\n<h2 class=\"alignfull has-text-align-center has-white-color has-text-color has-normal-font-size wp-block-heading\" id=\"hei-taalla-ei-ole-mitaan-nahtavaa-paitsi-taustakuva-terveisin-mika\" style=\"font-style:italic;font-weight:200;line-height:1\"><mark style=\"background-color:rgba(0, 0, 0, 0)\" class=\"has-inline-color has-white-color\"><strong>Hei! T\u00e4\u00e4ll\u00e4 ei ole  mit\u00e4\u00e4n n\u00e4ht\u00e4v\u00e4\u00e4. Paitsi taustakuva. Terveisin Mika.<\/strong><\/mark><\/h2>\n","protected":false},"excerpt":{"rendered":"<p>Hei! T\u00e4\u00e4ll\u00e4 ei ole mit\u00e4\u00e4n n\u00e4ht\u00e4v\u00e4\u00e4. Paitsi taustakuva. Terveisin Mika.<\/p>\n","protected":false},"author":1,"featured_media":0,"parent":0,"menu_order":0,"comment_status":"closed","ping_status":"closed","template":"","meta":{"footnotes":""},"class_list":["post-15","page","type-page","status-publish","hentry","entry"],"_links":{"self":[{"href":"https:\/\/mikakangasaho.fi\/index.php?rest_route=\/wp\/v2\/pages\/15","targetHints":{"allow":["GET"]}}],"collection":[{"href":"https:\/\/mikakangasaho.fi\/index.php?rest_route=\/wp\/v2\/pages"}],"about":[{"href":"https:\/\/mikakangasaho.fi\/index.php?rest_route=\/wp\/v2\/types\/page"}],"author":[{"embeddable":true,"href":"https:\/\/mikakangasaho.fi\/index.php?rest_route=\/wp\/v2\/users\/1"}],"replies":[{"embeddable":true,"href":"https:\/\/mikakangasaho.fi\/index.php?rest_route=%2Fwp%2Fv2%2Fcomments&post=15"}],"version-history":[{"count":69,"href":"https:\/\/mikakangasaho.fi\/index.php?rest_route=\/wp\/v2\/pages\/15\/revisions"}],"predecessor-version":[{"id":146,"href":"https:\/\/mikakangasaho.fi\/index.php?rest_route=\/wp\/v2\/pages\/15\/revisions\/146"}],"wp:attachment":[{"href":"https:\/\/mikakangasaho.fi\/index.php?rest_route=%2Fwp%2Fv2%2Fmedia&parent=15"}],"curies":[{"name":"wp","href":"https:\/\/api.w.org\/{rel}","templated":true}]}}